{"id":988188,"date":"2023-04-12T19:13:40","date_gmt":"2023-04-12T17:13:40","guid":{"rendered":"http:\/\/nature-makeup.fr\/?page_id=988188"},"modified":"2025-12-07T18:53:41","modified_gmt":"2025-12-07T17:53:41","slug":"naturopathie","status":"publish","type":"page","link":"https:\/\/nature-makeup.fr\/index.php\/naturopathie\/","title":{"rendered":"Naturopathie"},"content":{"rendered":"<div class=\"vgblk-rw-wrapper limit-wrapper\">\n\n\t<p>&nbsp;<\/p>\n<p>Notre accompagnement<\/p>\n<h1>Naturopathie de Base Scientifique<\/h1>\n<p>Praticienne Naturopathe, certifi\u00e9e FENA et FEDE<\/p>\n\t\t\t\t\t\t\t<img loading=\"lazy\" width=\"1440\" height=\"1800\" src=\"http:\/\/nature-makeup.fr\/wp-content\/uploads\/2023\/04\/IMG_20230318_171118_883.webp\" alt=\"Cabinet \nCentre de bien \u00eatre Kinesiss\" itemprop=\"image\" title=\"IMG_20230318_171118_883\" onerror=\"this.style.display='none'\"  sizes=\"(max-width: 768px) 100vw, 100vw\" srcset=\"data:image\/svg+xml;utf8,&lt;svg%20xmlns=&quot;http:\/\/www.w3.org\/2000\/svg&quot;%20viewBox=&quot;0%200%201440%201800&quot;%20height=&quot;1800px&quot;%20width=&quot;1440px&quot;\/&gt;\" data-srcset=\"https:\/\/nature-makeup.fr\/wp-content\/uploads\/2023\/04\/IMG_20230318_171118_883.webp 1440w, https:\/\/nature-makeup.fr\/wp-content\/uploads\/2023\/04\/IMG_20230318_171118_883-240x300.webp 240w, https:\/\/nature-makeup.fr\/wp-content\/uploads\/2023\/04\/IMG_20230318_171118_883-819x1024.webp 819w, https:\/\/nature-makeup.fr\/wp-content\/uploads\/2023\/04\/IMG_20230318_171118_883-768x960.webp 768w, https:\/\/nature-makeup.fr\/wp-content\/uploads\/2023\/04\/IMG_20230318_171118_883-1229x1536.webp 1229w, https:\/\/nature-makeup.fr\/wp-content\/uploads\/2023\/04\/IMG_20230318_171118_883-1140x1425.webp 1140w, https:\/\/nature-makeup.fr\/wp-content\/uploads\/2023\/04\/IMG_20230318_171118_883-570x713.webp 570w, https:\/\/nature-makeup.fr\/wp-content\/uploads\/2023\/04\/IMG_20230318_171118_883-380x475.webp 380w, https:\/\/nature-makeup.fr\/wp-content\/uploads\/2023\/04\/IMG_20230318_171118_883-760x950.webp 760w, https:\/\/nature-makeup.fr\/wp-content\/uploads\/2023\/04\/IMG_20230318_171118_883-285x356.webp 285w\" \/>\t\t\t\t\t\t\t\n\t<h3 data-start=\"1270\" data-end=\"1342\"><\/h3>\n<h3 data-start=\"1270\" data-end=\"1342\"><\/h3>\n<h3 data-start=\"1270\" data-end=\"1342\">Une approche optionnelle autour de l&#8217;image et du psycho-\u00e9motionnel<\/h3>\nDans le cadre de l&#8217;axe <strong data-start=\"1367\" data-end=\"1388\">psycho-\u00e9motionnel<\/strong>, je propose \u00e9galement, <strong data-start=\"1412\" data-end=\"1436\">si vous le souhaitez<\/strong>, un accompagnement compl\u00e9mentaire autour de l&#8217;image de soi.\nGr\u00e2ce \u00e0 mon parcours de <strong data-start=\"1522\" data-end=\"1568\">make-up artiste et de conseill\u00e8re en image<\/strong>, cet accompagnement passe par des <strong data-start=\"1603\" data-end=\"1625\">ateliers pratiques<\/strong> incluant notamment la colorim\u00e9trie, la morphologie et des outils personnalis\u00e9s, toujours en lien avec vos besoins et vos objectifs.\nCes ateliers s&#8217;inscrivent dans une d\u00e9marche de <strong data-start=\"1806\" data-end=\"1870\">meilleure connaissance de soi et de valorisation personnelle<\/strong>, en soutien du travail naturopathique.\n\t<h2><strong>Naturopathie &#8211; Explorer, Comprendre, Se D\u00e9couvrir<\/strong><\/h2>\n\t<h3 data-start=\"233\" data-end=\"277\">Une approche globale et personnalis\u00e9e<\/h3>\nMon accompagnement d\u00e9bute par un <strong data-start=\"312\" data-end=\"333\">bilan de vitalit\u00e9<\/strong>, un temps d&#8217;\u00e9change essentiel pour mieux comprendre votre fonctionnement, votre rythme de vie et vos besoins.\n\u00c0 partir de cet \u00e9change, certains <strong data-start=\"479\" data-end=\"520\">axes de travail peuvent \u00eatre explor\u00e9s<\/strong>, en fonction de vos priorit\u00e9s et de votre objectif : \u00e9nergie, digestion, \u00e9quilibre nerveux et \u00e9motionnel, immunit\u00e9, inflammation, hygi\u00e8ne de vie&#8230;<br data-start=\"666\" data-end=\"669\" \/>Tous ces axes ne sont pas syst\u00e9matiquement travaill\u00e9s : ils sont s\u00e9lectionn\u00e9s <strong data-start=\"747\" data-end=\"782\">de mani\u00e8re cibl\u00e9e et pertinente<\/strong>, selon ce qui vous concerne r\u00e9ellement.\nPour vous accompagner, j&#8217;utilise diff\u00e9rents <strong data-start=\"868\" data-end=\"887\">outils naturels<\/strong> tels que l&#8217;alimentation, la micronutrition, la phytoth\u00e9rapie et l&#8217;hydrologie toujours dans le respect de votre rythme.\n\u00c0 l&#8217;issue de ce premier rendez-vous, je vous propose un <strong data-start=\"1108\" data-end=\"1134\">second temps d&#8217;\u00e9change<\/strong>, quelques jours plus tard, d\u00e9di\u00e9 \u00e0 la restitution de vos conseils personnalis\u00e9s et \u00e0 leur mise en pratique dans votre quotidien.\n\t\t\t\t\t\t\t<img loading=\"lazy\" width=\"230\" height=\"230\" src=\"http:\/\/nature-makeup.fr\/wp-content\/uploads\/2021\/10\/etapes-ludiques.png\" alt=\"etapes-ludiques\" itemprop=\"image\" title=\"etapes-ludiques\" onerror=\"this.style.display='none'\"  sizes=\"(max-width: 768px) 100vw, 100vw\" srcset=\"data:image\/svg+xml;utf8,&lt;svg%20xmlns=&quot;http:\/\/www.w3.org\/2000\/svg&quot;%20viewBox=&quot;0%200%20230%20230&quot;%20height=&quot;230px&quot;%20width=&quot;230px&quot;\/&gt;\" data-srcset=\"https:\/\/nature-makeup.fr\/wp-content\/uploads\/2021\/10\/etapes-ludiques.png 230w, https:\/\/nature-makeup.fr\/wp-content\/uploads\/2021\/10\/etapes-ludiques-150x150.png 150w, https:\/\/nature-makeup.fr\/wp-content\/uploads\/2021\/10\/etapes-ludiques-100x100.png 100w\" \/>\t\t\t\t\t\t\t\n\t\n<h4><strong>LES PRESTATIONS<\/strong><\/h4>\n<h4><strong>\u00c0 titre pr\u00e9ventif ou non, vous pouvez devenir acteur de votre propre bien \u00eatre.<\/strong><\/h4>\n<h4>Les bilans de vitalit\u00e9 sont r\u00e9alis\u00e9s exclusivement <strong>en visioconf\u00e9rence<\/strong>, afin de garantir un accompagnement personnalis\u00e9 et flexible, adapt\u00e9 \u00e0 votre rythme de vie.<\/h4>\n<p><strong>Certaines mutuelles prennent en charge une partie des consultations de naturopathie. Un justificatif pourra vous \u00eatre remis sur demande.<\/strong><\/p>\n\n\t<p>&nbsp;<\/p>\n<h3>Bilan de vitalit\u00e9<\/h3>\n<h3>Dur\u00e9e 2h00 = 120\u20ac<\/h3>\n<p><strong>Deux rendez-vous<\/strong><\/p>\n<p><strong>Dont 1h30 d&#8217;anamn\u00e8se et 30 minutes de compte rendu.<\/strong><\/p>\nLe bilan de vitalit\u00e9 est le point de d\u00e9part de l&#8217;accompagnement.<br data-start=\"550\" data-end=\"553\" \/>Il s&#8217;agit d&#8217;un temps d&#8217;\u00e9change approfondi pour mieux comprendre votre fonctionnement global, votre hygi\u00e8ne de vie, votre rythme, vos besoins et vos objectifs.\nCe premier rendez-vous permet d&#8217;identifier les axes prioritaires \u00e0 accompagner, de mani\u00e8re personnalis\u00e9e et cibl\u00e9e.\n<ul>\n<li data-start=\"515\" data-end=\"640\"><strong data-start=\"515\" data-end=\"539\">Pr\u00e9paration du bilan<\/strong> : un questionnaire vous sera envoy\u00e9 en amont afin de faciliter l&#8217;\u00e9change et d&#8217;optimiser l&#8217;analyse.<\/li>\n<li data-start=\"436\" data-end=\"512\">\nTemps d&#8217;\u00e9change approfondi pour analyser votre hygi\u00e8ne de vie, votre fonctionnement global, vos besoins et vos objectifs.\n<\/li>\n<li data-start=\"436\" data-end=\"512\">\nIdentification des <strong data-start=\"457\" data-end=\"487\">axes de travail pertinents<\/strong> selon votre situation.\n<\/li>\n<\/ul>\n<h4><strong>Restitution des conseils<\/strong><\/h4>\n<p>&nbsp;<\/p>\nCe rendez-vous a lieu <strong data-start=\"1033\" data-end=\"1066\">quelques jours apr\u00e8s le bilan<\/strong>. Il est enti\u00e8rement d\u00e9di\u00e9 \u00e0 :\n<ul data-start=\"1098\" data-end=\"1239\">\n<li data-start=\"1098\" data-end=\"1149\">\nla transmission de vos <strong data-start=\"1123\" data-end=\"1149\">conseils personnalis\u00e9s<\/strong>\n<\/li>\n<li data-start=\"1150\" data-end=\"1189\">\nleur <strong data-start=\"1157\" data-end=\"1189\">adaptation \u00e0 votre quotidien<\/strong>\n<\/li>\n<li data-start=\"1190\" data-end=\"1239\">\nla mise en place concr\u00e8te des premi\u00e8res actions.\n<\/li>\n<\/ul>\n\t<p>&nbsp;<\/p>\n<h3>Suivi<\/h3>\n<h3>Dur\u00e9e 1h00 = 55\u20ac<\/h3>\nLes s\u00e9ances de suivi permettent d&#8217;accompagner votre \u00e9volution <strong>apr\u00e8s le bilan de vitalit\u00e9.<\/strong><br data-start=\"226\" data-end=\"229\" \/>Elles offrent un temps personnalis\u00e9 pour :\n<ul data-start=\"274\" data-end=\"449\">\n<li data-start=\"274\" data-end=\"308\">\nfaire le point sur vos progr\u00e8s\n<\/li>\n<li data-start=\"309\" data-end=\"351\">\najuster vos conseils selon vos besoins\n<\/li>\n<li data-start=\"352\" data-end=\"395\">\nr\u00e9pondre \u00e0 vos questions et difficult\u00e9s\n<\/li>\n<li data-start=\"396\" data-end=\"449\">\nsoutenir votre d\u00e9marche de bien-\u00eatre au quotidien\n<\/li>\n<\/ul>\n\n\t<p>&nbsp;<\/p>\n<h4><strong>Pour r\u00e9server votre atelier, votre bilan de vitalit\u00e9 ou poser vos questions, cliquez sur R\u00e9servez ou contactez moi au 07 81 91 94 69.<\/strong><\/h4>\n<p>&nbsp;<\/p>\n\t<a href=\"http:\/\/nature-makeup.fr\/index.php\/contact\/\" target=\"_self\" role=\"button\" rel=\"noopener\">\n\t\t\t\t\tR\u00e9servez\n\t<\/a>\n\t<h3>Modalit\u00e9s de r\u00e9servation<\/h3>\n<ul>\n<li data-start=\"330\" data-end=\"527\">Pour toute inscription \u00e0 un atelier, un acompte de <strong data-start=\"412\" data-end=\"420\">30 %<\/strong> du montant total est demand\u00e9 afin de garantir votre cr\u00e9neau.<br data-start=\"481\" data-end=\"484\" \/>Le r\u00e8glement de l&#8217;acompte peut se faire :<\/li>\n<li data-start=\"528\" data-end=\"612\">\n<strong data-start=\"530\" data-end=\"555\">par virement bancaire<\/strong> (RIB transmis lors de la confirmation de r\u00e9servation)\n<\/li>\n<li data-start=\"528\" data-end=\"612\">\n<strong>Le solde est \u00e0 r\u00e9gler le jour de l&#8217;atelier, par virement ou en esp\u00e8ces.<\/strong>\n<\/li>\n<\/ul>\n\t\t\t\t\t\t\t<img loading=\"lazy\" width=\"240\" height=\"240\" src=\"http:\/\/nature-makeup.fr\/wp-content\/uploads\/2021\/10\/auto-maquillage-1.png\" alt=\"auto-maquillage\" itemprop=\"image\" title=\"auto-maquillage\" onerror=\"this.style.display='none'\" srcset=\"data:image\/svg+xml;utf8,&lt;svg%20xmlns=&quot;http:\/\/www.w3.org\/2000\/svg&quot;%20viewBox=&quot;0%200%20240%20240&quot;%20height=&quot;240px&quot;%20width=&quot;240px&quot;\/&gt;\" data-srcset=\"https:\/\/nature-makeup.fr\/wp-content\/uploads\/2021\/10\/auto-maquillage-1.png 240w, https:\/\/nature-makeup.fr\/wp-content\/uploads\/2021\/10\/auto-maquillage-1-150x150.png 150w, https:\/\/nature-makeup.fr\/wp-content\/uploads\/2021\/10\/auto-maquillage-1-100x100.png 100w\" sizes=\"(max-width: 240px) 100vw, 240px\" \/>\t\t\t\t\t\t\t\n<h3>\n\tExpertise professionnelle\n\t<\/h3>\n<h3>\n\tDes s\u00e9ances pour apprendre \u00e0 se conna\u00eetre et se mettre en valeur en toute confiance.\n\t<\/h3>\n\t\t\t\t\t\t\t<img loading=\"lazy\" width=\"240\" height=\"240\" src=\"http:\/\/nature-makeup.fr\/wp-content\/uploads\/2021\/10\/makeup-station-1.png\" alt=\"makeup-station\" itemprop=\"image\" title=\"makeup-station\" onerror=\"this.style.display='none'\" srcset=\"data:image\/svg+xml;utf8,&lt;svg%20xmlns=&quot;http:\/\/www.w3.org\/2000\/svg&quot;%20viewBox=&quot;0%200%20240%20240&quot;%20height=&quot;240px&quot;%20width=&quot;240px&quot;\/&gt;\" data-srcset=\"https:\/\/nature-makeup.fr\/wp-content\/uploads\/2021\/10\/makeup-station-1.png 240w, https:\/\/nature-makeup.fr\/wp-content\/uploads\/2021\/10\/makeup-station-1-150x150.png 150w, https:\/\/nature-makeup.fr\/wp-content\/uploads\/2021\/10\/makeup-station-1-100x100.png 100w\" sizes=\"(max-width: 240px) 100vw, 240px\" \/>\t\t\t\t\t\t\t\n<h3>\n\tAccompagnement Nomade\n\t<\/h3>\n<h3>\n\tS\u00e9ances mobiles avec mat\u00e9riel professionnel pour un accompagnement personnalis\u00e9 \u00e0 domicile ou en structure.\n\t<\/h3>\n\t\t\t\t\t\t\t<img loading=\"lazy\" width=\"240\" height=\"240\" src=\"http:\/\/nature-makeup.fr\/wp-content\/uploads\/2021\/10\/haute-savoie-1-1.png\" alt=\"haute-savoie-1\" itemprop=\"image\" title=\"haute-savoie-1\" onerror=\"this.style.display='none'\" srcset=\"data:image\/svg+xml;utf8,&lt;svg%20xmlns=&quot;http:\/\/www.w3.org\/2000\/svg&quot;%20viewBox=&quot;0%200%20240%20240&quot;%20height=&quot;240px&quot;%20width=&quot;240px&quot;\/&gt;\" data-srcset=\"https:\/\/nature-makeup.fr\/wp-content\/uploads\/2021\/10\/haute-savoie-1-1.png 240w, https:\/\/nature-makeup.fr\/wp-content\/uploads\/2021\/10\/haute-savoie-1-1-150x150.png 150w, https:\/\/nature-makeup.fr\/wp-content\/uploads\/2021\/10\/haute-savoie-1-1-100x100.png 100w\" sizes=\"(max-width: 240px) 100vw, 240px\" \/>\t\t\t\t\t\t\t\n<h3>\n\tAccessibilit\u00e9 universelle\n\t<\/h3>\n<h3>\n\tS\u00e9ances ouvertes \u00e0 tous, en individuel ou en structure, pour un accompagnement personnalis\u00e9.\n\t<\/h3>\n\t\t\t\t\t\t\t<img loading=\"lazy\" width=\"240\" height=\"240\" src=\"http:\/\/nature-makeup.fr\/wp-content\/uploads\/2021\/10\/haute-savoie-1.png\" alt=\"haute-savoie\" itemprop=\"image\" title=\"haute-savoie\" onerror=\"this.style.display='none'\" srcset=\"data:image\/svg+xml;utf8,&lt;svg%20xmlns=&quot;http:\/\/www.w3.org\/2000\/svg&quot;%20viewBox=&quot;0%200%20240%20240&quot;%20height=&quot;240px&quot;%20width=&quot;240px&quot;\/&gt;\" data-srcset=\"https:\/\/nature-makeup.fr\/wp-content\/uploads\/2021\/10\/haute-savoie-1.png 240w, https:\/\/nature-makeup.fr\/wp-content\/uploads\/2021\/10\/haute-savoie-1-150x150.png 150w, https:\/\/nature-makeup.fr\/wp-content\/uploads\/2021\/10\/haute-savoie-1-100x100.png 100w\" sizes=\"(max-width: 240px) 100vw, 240px\" \/>\t\t\t\t\t\t\t\n<h5>\n\tInformations &amp; rendez-vous\n\t<\/h5>\n<h3>\n\tJe me d\u00e9place en Haute-Savoie et en Suisse Romande. Contactez-moi au 07 81 91 94 69 ou via le formulaire de contact.\n\t<\/h3>\n\n<\/div><!-- .vgblk-rw-wrapper -->","protected":false},"excerpt":{"rendered":"<p>&nbsp; Notre accompagnement Naturopathie de Base Scientifique Praticienne Naturopathe, certifi\u00e9e FENA et FEDE Une approche optionnelle autour de l&#8217;image et du psycho-\u00e9motionnel Dans le cadre de l&#8217;axe psycho-\u00e9motionnel, je propose \u00e9galement, si vous le souhaitez, un accompagnement compl\u00e9mentaire autour de l&#8217;image de soi. Gr\u00e2ce \u00e0 mon parcours de make-up artiste et de conseill\u00e8re en image,&#8230;<\/p>\n","protected":false},"author":3,"featured_media":988118,"parent":0,"menu_order":2,"comment_status":"closed","ping_status":"closed","template":"","meta":{"inline_featured_image":false},"_links":{"self":[{"href":"https:\/\/nature-makeup.fr\/index.php\/wp-json\/wp\/v2\/pages\/988188"}],"collection":[{"href":"https:\/\/nature-makeup.fr\/index.php\/wp-json\/wp\/v2\/pages"}],"about":[{"href":"https:\/\/nature-makeup.fr\/index.php\/wp-json\/wp\/v2\/types\/page"}],"author":[{"embeddable":true,"href":"https:\/\/nature-makeup.fr\/index.php\/wp-json\/wp\/v2\/users\/3"}],"replies":[{"embeddable":true,"href":"https:\/\/nature-makeup.fr\/index.php\/wp-json\/wp\/v2\/comments?post=988188"}],"version-history":[{"count":24,"href":"https:\/\/nature-makeup.fr\/index.php\/wp-json\/wp\/v2\/pages\/988188\/revisions"}],"predecessor-version":[{"id":988352,"href":"https:\/\/nature-makeup.fr\/index.php\/wp-json\/wp\/v2\/pages\/988188\/revisions\/988352"}],"wp:featuredmedia":[{"embeddable":true,"href":"https:\/\/nature-makeup.fr\/index.php\/wp-json\/wp\/v2\/media\/988118"}],"wp:attachment":[{"href":"https:\/\/nature-makeup.fr\/index.php\/wp-json\/wp\/v2\/media?parent=988188"}],"curies":[{"name":"wp","href":"https:\/\/api.w.org\/{rel}","templated":true}]}}